s the units digit of (-6)/h + 80/6?
4
Let w be 2/4*(-2 - -12). Suppose -w = -0*x - x. Suppose -r + 0 + 25 = x*c, -15 = -3*r. What is the units digit of c?
4
Suppose -6*r = -3*r - 6. What is the units digit of -2 + r + (-3)/(-1)?
3
Let w(x) = 3*x - 3. What is the tens digit of w(8)?
2
What is the tens digit of (-1 - 0)/((-1)/33)?
3
Suppose -8 = -2*v - 2*v. Suppose -2*i + 4*a = v*i - 60, -4*i = -3*a - 60. What is the tens digit of i?
1
Let m = -55 + 34. Let g be 6/m + (-23)/(-7). Suppose 5*i - g*i - 6 = 0. What is the units digit of i?
3
Let a be 0/(-2)*(-1)/1. Let j = a - -6. What is the units digit of j?
6
Suppose 0 = 2*c + 4*h + 124, -5*c = -4*c + 3*h + 66. Let b = -32 - c. What is the tens digit of b?
2
Suppose -7*n + 2*n + 5*i = -25, 1 = -i. Suppose -2*r - r = 2*k - 8, -2*k = -n*r - 8. What is the tens digit of 17 + r/(-2) - 2?
1
Let f be (-32)/(-5) - 2/5. Let l(i) = -i**3 + 6*i**2 + 3. Let j be l(f). Suppose -5*u = 20, -5*w = j*u + 2*u - 25. What is the units digit of w?
9
Suppose -10 + 8 = -g. What is the units digit of g?
2
Let h(d) = 3*d - 2 + 3 + 7*d. What is the units digit of h(2)?
1
Suppose 5*n - 11 = -1. Let d(z) = z - 4. Let f be d(n). What is the units digit of 0 + 4 - (-1 - f)?
3
Suppose -m - 3*l = -3, 0 = -4*m + 5*l - 2 - 3. Suppose m = -5*n + 220 - 35. Suppose -n = -5*j - 7. What is the units digit of j?
6
Suppose 2*s - 9 = -z, 0 = -3*s - 2*z + 2 + 11. Suppose -35 = -5*j + s*r, 0*j - 1 = -3*j - r. What is the units digit of j?
2
Suppose 354 = 2*t - 4*x, 0 = 6*t - t + 4*x - 857. What is the tens digit of t?
7
Suppose 4*w = -2*a - 3*a + 26, 2*a = 2*w - 4. Suppose 4 + 4 = w*r. Let g = 1 + r. What is the units digit of g?
3
Let r(p) = 8*p**2 - 5*p - 4. What is the units digit of r(-2)?
8
Let x = -36 - 11. Let b = 11 - x. What is the units digit of b?
8
Let u(x) = x - 305. Let o be u(0). Let r be o/35 - (-2)/(-7). Let b = -2 - r. What is the units digit of b?
7
Suppose 0 = -3*c + 2*t + 42, 0 = -2*c + 4*t - 0*t + 20. Suppose -a - c = -i + a, -124 = -5*i - a. What is the tens digit of i?
2
Let m(o) = -30*o - 3. Let d be m(-4). Suppose 0 = -4*y + a + d, 5*y - 126 = y - 2*a. What is the units digit of y?
0
Suppose 0 = -4*q + 4*d - 28, 2*q + 7 = 3*d - 2. Let t be 64/q + (-4)/6. What is the units digit of (t/(-9))/(4/42)?
7
Suppose 0 = 10*l - 2*l - 320. What is the tens digit of l?
4
What is the units digit of ((-24)/15)/(6/(-330))?
8
Suppose -4*a + 11 = -237. What is the units digit of a?
2
Suppose -5*x + 7*x = 58. What is the units digit of x?
9
Suppose 3*w - 75 = -2*w. Suppose 0 = 2*q + 3*a + w - 105, 0 = -2*q + 4*a + 62. Suppose 0 = -5*u + 3*x + 89, -5*x = 3*u - 2*x - q. What is the units digit of u?
6
Suppose -8*o - 105 = -9*o. What is the units digit of o?
5
Suppose -3*v = -v + a - 423, -3*v - 3*a = -633. What is the units digit of v?
2
Let v be 72/16*4/6. Suppose -4*q = -v*q - 9. What is the units digit of q?
9
Let g = -8 + 4. Let v(y) = 6*y**2 - 1. Let i(c) = -5*c**2 + 1. Let m(p) = g*i(p) - 3*v(p). What is the units digit of m(-2)?
7
Let s(y) = -14*y - 2. What is the units digit of s(-1)?
2
Let x = -17 + 33. What is the units digit of x?
6
Let k(v) = v - 2. Let n(y) = -y**3 - 2*y**2 - y + 1. Let m be n(-2). What is the units digit of k(m)?
1
Let g = 16 - 18. Let d be 26/10 + (-6)/(-15). Let v = d + g. What is the units digit of v?
1
Let k = 6 + -3. Suppose 0 = -3*q - 5*m + 123, k*q - 102 = -m + 3*m. What is the tens digit of q?
3
Let p(f) = -3 - 2*f + 1 - 7. Let j be p(-6). Let n = 10 - j. What is the units digit of n?
7
Let q = -9 - 1. Suppose -4*t = -4*d - 72, 0*t + 5*d = -t + 12. Let m = t + q. What is the units digit of m?
7
Suppose -3*p = 5*w - 56, -2*w - 32 = -3*p - w. What is the tens digit of p?
1
Suppose 19 = 6*a - 41. Let u = -5 + a. What is the units digit of u?
5
Let g(y) = -y**2 - 10*y - 10. Let m be g(-9). Let k be -6 + m + (-3 - -4). Let l = 4 - k. What is the tens digit of l?
1
Let r = 0 - 0. Let d be 1*(r + -1 + 1). What is the units digit of (0 + 1 - 0) + d?
1
Let k(x) = x + 5. Let a be k(-5). Suppose -5*c + 86 = -2*b, a*c - 3*b + 7 = c. Let g = c + -7. What is the units digit of g?
9
Let h be 8 + -4 - (-1 + -1). What is the units digit of -2*(-2 - h/3)?
8
Let y be (-2 + 6)*15/(-4). What is the units digit of (-1)/(0 - -1) - y?
4
Suppose -5*o + 0*o + 30 = 0. Suppose 0 = -k + 3*k - o. Suppose 2*g = -5*a - 1, a = -g - k*g - 11. What is the units digit of a?
1
Let a(h) = h**2 - 4. What is the units digit of a(-8)?
0
Let u be (4/(-6))/(2/12). Let w(s) be the first derivative of -3*s**2/2 - 3*s - 25. What is the units digit of w(u)?
9
Let w be (-3)/6*10*3. Let s be 1/3 - (-5)/w. Suppose q = -s*q + 14. What is the units digit of q?
4
Let r(h) = 2*h**2 + 9. What is the tens digit of r(4)?
4
Let r = -86 - -186. What is the units digit of r?
0
Suppose 4*y = y + 468. What is the units digit of y?
6
Let r be (1 - 1)*(-1 + 0). Suppose 3*s + 4*q = 68, s - q - 2*q - 40 = r. What is the units digit of s?
8
Suppose 3*u = 3*j - 1170, 1670 = 4*j - 2*u + 100. What is the units digit of j?
5
Let x = 109 - -43. What is the units digit of x?
2
Let y(t) = 6*t**3 - t + 1. Let q(p) = -p**2 - 5*p + 1. Let c be q(-5). Suppose 0 = -4*b - 5*k - c, 6*b - b - 9 = 4*k. What is the units digit of y(b)?
6
What is the units digit of ((-2)/(-12))/((-4)/(-24))?
1
What is the tens digit of 32/8 - (0 + -29)?
3
Let w(l) = l**2 + 2 + 21*l - 6*l**2 - 8. Let t(a) = 2*a**2 - 10*a + 3. Let k(m) = -7*t(m) - 3*w(m). What is the units digit of k(-8)?
5
Let n(k) = k**3 + 15*k**2 + 15*k + 18. What is the units digit of n(-14)?
4
Let d(h) = -2*h - 2. What is the units digit of d(-3)?
4
Let j = 77 - 37. Let i = j - 18. What is the units digit of i?
2
Suppose -5*f + 542 = 5*y - 248, -f = 5*y - 150. What is the units digit of f?
0
Let x = 2 + 0. Suppose 0*h + 11 = x*h - q, 5*q = 4*h - 25. What is the units digit of h?
5
Let f be -2*(2 - -44)/2. Let c = -32 - f. What is the tens digit of c?
1
Suppose -4*s = 3*y - 330, -330 = 2*y - 5*y - 3*s. What is the hundreds digit of y?
1
Let b = -30 - -223. What is the units digit of b?
3
Let p be (0 - 2 - -3) + 3. Suppose -136 = -4*z - 2*m - 0*m, 4*z + p*m - 140 = 0. What is the tens digit of z?
3
Let p = 0 - -3. Suppose 3*c - 95 = -2*c - w, -15 = p*w. Suppose x + 4*x = c. What is the units digit of x?
4
Let j(i) = -i**3 + i**2 - i + 2. Let k be j(0). Suppose 5*t - 28 = 107. Suppose d - t = -k*d. What is the units digit of d?
9
Let f(n) = n**2 + n - 2. Let t be f(0). Let x = -7 - t. What is the units digit of (x - -4) + 7 + 0?
6
Suppose -72 = -3*o - o. Let f be (o/(-15))/(6/(-20)). What is the units digit of 12/(-18)*(-6)/f?
1
Let w = -14 - -11. Let p(x) = x**3 + 5*x**2 + 3*x + 4. What is the tens digit of p(w)?
1
What is the tens digit of (-13)/26 - (-99)/2?
4
Let o(n) = -n**3 + 13*n**2 - 23*n + 7. What is the tens digit of o(10)?
7
Let j(m) = 6*m - 6. Let u be j(6). Suppose 6*q - u = q. Let n = q - 3. What is the units digit of n?
3
Let p = 0 + -1. Let g(j) = 9*j**3 + j. Let d be g(p). Let t = d - -18. What is the units digit of t?
8
Suppose -2*r = -2*c + 8, 5*r = r + 8. Let y(q) = -2*q - 6. Let t be y(c). What is the units digit of (-58)/t + (-2)/9?
3
Let p(x) = 7*x + 13. What is the tens digit of p(4)?
4
Let g(y) = 3*y**2 + 20*y + 20. What is the tens digit of g(-9)?
8
Let r = 200 - 19. What is the tens digit of r?
8
Suppose 6*t - 4*i = t + 26, 0 = t + i + 2. Let s be t*(-2)/(-4)*-2. Let r = 5 + s. What is the units digit of r?
3
Suppose 3*l + 2*g = -l, 0 = -l - 4*g. Suppose l = -0*x - 2*x + 6. What is the units digit of x?
3
Let b(p) = p**3 + 5*p**2 - 5*p - 8. What is the tens digit of b(-5)?
1
Suppose -7 = -4*k + 1. Suppose d = 3*z - 5, 5*z = -k*d + 7 + 5. What is the units digit of d?
1
Let p(h) = 2*h - 7. Let c be p(6). Suppose -z + 5*a + 10 + 2 = 0, -5*z + c*a + 40 = 0. What is the units digit of z?
7
Let o(w) = w**2 + 11*w - 35. What is the tens digit of o(7)?
9
Suppose -2*v - 1 = -v. Suppose 3*i - i + 12 = 0. What is the units digit of 1*(i + v)*-1?
7
Let g be ((-5)/10)/(2/12). Let s be 1 + 6/g - -1. Suppose 2*v - 6 = -s*v. What is the units digit of v?
3
Let y(g) = -g**3 - 8*g**2 - 5*g. Let s be y(-6). What is the tens digit of s/(4/16*-6)?
2
Let d(f) = -f**2 + 10*f - 5. Let o be d(10). What is the tens digit